{"id":1136,"date":"2018-04-06T17:07:55","date_gmt":"2018-04-06T17:07:55","guid":{"rendered":"http:\/\/spzduny.pl\/?page_id=1136"},"modified":"2025-10-01T06:25:01","modified_gmt":"2025-10-01T06:25:01","slug":"pielegniarka-szkolna","status":"publish","type":"page","link":"http:\/\/spzduny.pl\/?page_id=1136","title":{"rendered":"Piel\u0119gniarka szkolna"},"content":{"rendered":"<p style=\"text-align: center;\"><strong>Zakres zada\u0144 piel\u0119gniarki szkolnej.<\/strong><\/p>\n<p style=\"text-align: center;\"><strong>Niepubliczny Zak\u0142ad Opieki Zdrowotnej \u201eCENTYLEK\u201d<\/strong><\/p>\n<p>Dzia\u0142aj\u0105c na podstawie art. 7 ust. 3 ustawy z dnia 12 kwietnia 2019 r. o opiece zdrowotnej nad uczniami (Dz. U. z 2019 r. poz. 1078) informuj\u0119, \u017ce uczniowie s\u0105 obj\u0119ci profilaktyczn\u0105 opiek\u0105 zdrowotn\u0105 w\u00a0\u015brodowisku nauczania i wychowania w ramach \u015bwiadcze\u0144 gwarantowanych z zakresu podstawowej opieki zdrowotnej obejmuj\u0105cych:<sup> <a href=\"#_ftn1\" name=\"_ftnref1\">[1]<\/a><\/sup><\/p>\n<ul>\n<li>wykonywanie i interpretowanie test\u00f3w przesiewowych u ucznia odbywaj\u0105cego roczne obowi\u0105zkowe przygotowanie przedszkolne lub klasy I oraz w klasie III, V, VII szko\u0142y podstawowej, w klasie I oraz ostatniej szko\u0142y ponadpodstawowej, a tak\u017ce kierowanie post\u0119powaniem poprzesiewowym oraz sprawowanie opieki czynnej nad uczniami z problemem zdrowotnym;<\/li>\n<li>opiek\u0119 nad uczniami przewlekle chorymi i z niepe\u0142nosprawno\u015bci\u0105, w tym realizacja \u015bwiadcze\u0144 piel\u0119gniarskich oraz wy\u0142\u0105cznie na podstawie zlecenia lekarskiego i w porozumieniu z lekarzem rodzinnym, na kt\u00f3rego li\u015bcie \u015bwiadczeniobiorc\u00f3w znajduje si\u0119 ucze\u0144, zabieg\u00f3w i procedur leczniczych koniecznych do wykonania u ucznia w trakcie pobytu w szkole;<\/li>\n<li>udzielaniu pomocy przedlekarskiej w nag\u0142ych wypadkach, zachorowaniach lub zatruciach u uczni\u00f3w;<\/li>\n<li>udzia\u0142 w planowaniu, realizacji i ocenie edukacji zdrowotnej;<\/li>\n<li>grupowej profilaktyce fluorkowej metod\u0105 nadzorowanego szczotkowania z\u0119b\u00f3w preparatem fluorkowym u uczni\u00f3w klas I \u2013 VI szk\u00f3\u0142 podstawowych oraz edukacji w zakresie zdrowia jamy ustnej;<\/li>\n<li>doradztwo dla dyrektora szko\u0142y w sprawie warunk\u00f3w bezpiecze\u0144stwa uczni\u00f3w, organizacji posi\u0142k\u00f3w i warunk\u00f3w sanitarnych w szkole.<\/li>\n<\/ul>\n<p><span style=\"color: #ff0000;\"><strong>Wyra\u017cenie sprzeciwu wobec<\/strong> obj\u0119cia profilaktyczn\u0105 opiek\u0105 zdrowotn\u0105 <strong>wymaga formy pisemnej <\/strong>(zgodnie z art. 7 ust. 3 ustawy).<\/span><\/p>\n<p>Jednocze\u015bnie informuj\u0119, \u017ce pozyskane dane dotycz\u0105ce stanu zdrowia ucznia s\u0105 <strong>obj\u0119te tajemnic\u0105 medyczn\u0105<\/strong>. Ponadto dane osobowe przetwarzane s\u0105 zgodnie z RODO,<a href=\"#_ftn2\" name=\"_ftnref2\"><sup>[2]<\/sup><\/a> w zakresie niezb\u0119dnym do realizacji \u015bwiadcze\u0144 zdrowotnych. Szczeg\u00f3\u0142owe zasady ich przetwarzania dost\u0119pne s\u0105 na tablicy informacyjnej w gabinecie szkolnym.<\/p>\n<p>W przypadku braku sprzeciwu na obj\u0119cie dziecka opiek\u0105, prosz\u0119 o wype\u0142nienie i przekazanie piel\u0119gniarce\u00a0 szkolnej Karty Wywiadu Zdrowotnego Ucznia. Dane uzyskane z wywiadu pos\u0142u\u017c\u0105 do realizacji wy\u017cej wymienionych \u015bwiadcze\u0144. <strong>W celu zapewnienia w\u0142a\u015bciwej opieki nad dzieckiem podczas pobytu w\u00a0szkole, prosz\u0119 o bie\u017c\u0105ce informowanie piel\u0119gniarki szkolnej o wszelkich zmianach w stanie zdrowia dziecka.<\/strong><\/p>\n<h3 style=\"text-align: center;\"><span style=\"color: #3366ff;\"><strong>Gabinet profilaktyki zdrowotnej i pomocy przedlekarskiej przy Szkole Podstawowej w Zdunach &#8211; harmonogram pracy:<\/strong><\/span><\/h3>\n<h3 style=\"text-align: center;\"><span style=\"color: #3366ff;\"><strong>Poniedzia\u0142ek\u00a0 11:00 -15:00 <\/strong><\/span><\/h3>\n<h3 style=\"text-align: center;\"><span style=\"color: #3366ff;\"><strong>Wtorek\u00a0 \u00a0\u00a0 8:00-14:00<\/strong><\/span><\/h3>\n<h3 style=\"text-align: center;\"><span style=\"color: #3366ff;\"><strong>\u015aroda\u00a0 \u00a0\u00a0 8:00-14:00<\/strong><\/span><\/h3>\n<p>\u00a0<\/p>\n<p style=\"text-align: center;\"><span style=\"color: #333333;\">Obowi\u0105zuj\u0119 od 01 pa\u017adziernika 2025r.<\/span><\/p>\n<p><strong>Celem test\u00f3w przesiewowych oraz badania bilansowego jest:<\/strong><\/p>\n<ul>\n<li>wczesne wykrywanie wad rozwojowych u dziecka, np.: wady wzroku, kr\u0119gos\u0142upa, s\u0142uchu,<\/li>\n<li>okre\u015blenie grupy \u0107wiczebnej , tj.: przeciwwskaza\u0144 do na zaj\u0119cia w-f, uczestnictwa w zawodach sportowych,<\/li>\n<li>innych szczeg\u00f3lnych wskaza\u0144 dotycz\u0105cych opieki zdrowotnej w trakcie pobytu dziecka w szkole.<\/li>\n<\/ul>\n<p>Po wykonaniu test\u00f3w przesiewowych ucznia, rodzice proszeni s\u0105 o udanie si\u0119 z dzieckiem do lekarza rodzinnego celem <strong>wykonania bada\u0144 bilansowych<\/strong>. Kart\u0119 badania nale\u017cy zwr\u00f3ci\u0107 piel\u0119gniarce\u00a0 szkolnej.<\/p>\n<p>Przypominamy, \u017ce piel\u0119gniarce\u00a0 szkolnej nale\u017cy dostarczy\u0107 Kart\u0119 Zdrowia Ucznia. Szczeg\u00f3lnie dotyczy to uczni\u00f3w zmieniaj\u0105cych szko\u0142\u0119 w trakcie roku szkolnego.<\/p>\n<p><strong>PROCEDURA POST\u0118POWANIA W PRZYPADKU\u00a0ZG\u0141OSZENIA WSZAWICY W SZKOLE.<\/strong><\/p>\n<p><strong>Cel procedury:<\/strong><br \/>Procedura ma zapewni\u0107 higieniczne warunki pobytu dzieci w szkole oraz<br \/>chroni\u0107 przed rozprzestrzenianiem si\u0119 wszawicy w plac\u00f3wce szkolnej.<br \/><strong>Procedura dotyczy post\u0119powania w przypadku stwierdzenia wszawicy w<br \/>szkole.<\/strong><\/p>\n<ol>\n<li>Wychowawca po otrzymaniu informacji , \u017ce ucze\u0144 ma wszy, <strong>zawiadamia wszystkich rodzic\u00f3w z danej klasy o konieczno\u015bci sprawdzenia przez nich g\u0142owy swojego dziecka<\/strong>, a w razie stwierdzenia zaka\u017cenia, o zakup \u015brodk\u00f3w do zwalczania wszawicy, w aptece.<\/li>\n<li>W razie potrzeby rodzic z dzieckiem mo\u017ce zg\u0142osi\u0107 si\u0119 do swojej piel\u0119gniarki szkolnej. Natomiast je\u017celi piel\u0119gniarki szkolnej nie ma w danym dniu w gabinecie, to prosimy nie czeka\u0107 na jej dy\u017cur w szkole, tylko zg\u0142osi\u0107 si\u0119 z problemem do swojej piel\u0119gniarki rodzinnej. Piel\u0119gniarka szkolna podejmuje dzia\u0142ania edukacyjne w klasie z problemem wszawicy.<\/li>\n<li>O zg\u0142oszeniu wszawicy, nauczyciel informuje dyrekcj\u0119 szko\u0142y. Dyrektor lub upowa\u017cniona przez niego osoba informuje wszystkich rodzic\u00f3w w danej klasie lub grupie o stwierdzeniu wszawicy z zaleceniem codziennej kontroli czysto\u015bci g\u0142owy dziecka przez rodzic\u00f3w oraz czysto\u015bci g\u0142\u00f3w <strong>WSZYSTKICH <\/strong>domownik\u00f3w.<\/li>\n<li>W przypadku gdy rodzice zg\u0142osz\u0105 trudno\u015bci w przeprowadzaniu kuracji (np. brak \u015brodk\u00f3w na zakup preparatu), dyrektor szko\u0142y we wsp\u00f3\u0142pracy <strong>z Rad\u0105 Rodzic\u00f3w<\/strong> i O\u015brodkiem Pomocy Spo\u0142ecznej udziela rodzicom pomocy.<\/li>\n<li>W przypadku stwierdzenia nieskuteczno\u015bci zalecanych dzia\u0142a\u0144, wychowawca lub piel\u0119gniarka zawiadamia o tym dyrektora w celu podj\u0119cia bardziej radykalnych dzia\u0142a\u0144 np. zawiadomienie o\u015brodka pomocy spo\u0142ecznej o konieczno\u015bci wzmo\u017cenia nadzoru nad realizacj\u0105 funkcji opieku\u0144czych przez rodzic\u00f3w dziecka.<\/li>\n<li>Rodzice powinni wiedzie\u0107, ze kontrola w\u0142os\u00f3w dzieci musi by\u0107 nawykiem. Nale\u017cy sprawdza\u0107 w\u0142osy dziecka co kilka dni, nie rzadziej ni\u017c raz w tygodniu. Nale\u017cy uczy\u0107 dzieci i im przypomina\u0107 , aby nie po\u017cycza\u0142y do \u201eprzymiarki\u201d czapek, szalik\u00f3w, grzebieni innym dzieciom.<\/li>\n<\/ol>\n<p style=\"text-align: center;\"><strong>NIE JEST WSTYDEM ZARAZI\u0106 SI\u0118 WSZAWIC\u0104,WSTYDEM JEST NIC Z TYM NIE ROBI\u0106 !!!!<\/strong><br \/>Wszawica jest problemem higieniczno-piel\u0119gnacyjnym danej rodziny.<\/p>\n<p style=\"text-align: center;\"><strong><em><u><span style=\"background-color: #ccffcc;\">Rodzicu!<\/span><\/u><\/em><\/strong><\/p>\n<p style=\"text-align: left;\"><span style=\"background-color: #ccffcc;\">&#8211;<strong>nie pozwalaj dziecku, kt\u00f3re zg\u0142asza jakiekolwiek dolegliwo\u015bci chorobowe np. katar, b\u00f3l brzucha itp. przychodzi\u0107 do szko\u0142y,<\/strong><\/span><\/p>\n<p style=\"text-align: left;\"><span style=\"background-color: #ccffcc;\">&#8211;<strong>nie pozwalaj wyj\u015b\u0107 dziecku do szko\u0142y bez zjedzenia pierwszego \u015bniadania w domu<\/strong>,<\/span><\/p>\n<p style=\"text-align: left;\"><span style=\"background-color: #ccffcc;\">&#8211;<strong>sprawdzaj czy dziecko do szko\u0142y wychodzi czyste ( czysta odzie\u017c, czyste uszy, szyja, w\u0142osy, paznokcie itp)<\/strong><\/span><\/p>\n<p style=\"text-align: left;\"><span style=\"background-color: #ccffcc;\">&#8211;<strong>raz w tygodniu sprawdzaj dziecku sk\u00f3r\u0119 g\u0142owy i w\u0142osy pod k\u0105tem wszawicy, je\u017celi zauwa\u017cysz wszy\/gnidy to nie wysy\u0142aj dziecka do szko\u0142y! <\/strong><\/span><\/p>\n<p style=\"text-align: left;\"><span style=\"background-color: #ccffcc;\"><strong>Szybko udaj si\u0119 do apteki po odpowiednie \u015brodki do zwalczania wszawicy. Uwa\u017cnie przeczytaj ulotk\u0119 do\u0142\u0105czon\u0105 do \u015brodka zwalczaj\u0105cego wszy\/gnidy i post\u0119puj zgodnie z instrukcj\u0105. W przeciwnym przypadku wszy\/gnidy b\u0119d\u0105 powraca\u0107 do wszystkich cz\u0142onk\u00f3w rodziny i rozprzestrzenia\u0107 si\u0119 w\u015br\u00f3d znajomych dzieci i rodzic\u00f3w.<\/strong><\/span><\/p>\n<p style=\"text-align: left;\"><span style=\"background-color: #ccffcc;\"><strong>Pami\u0119taj, \u017ce za zdrowie i czysto\u015b\u0107 dziecka do 18 roku \u017cycia odpowiada tylko rodzic \/ opiekun<\/strong>.<\/span><\/p>\n<p><a href=\"#_ftnref1\" name=\"_ftn1\">[1]<\/a> cz\u0119\u015b\u0107 I za\u0142\u0105cznika nr 4 rozporz\u0105dzenia Ministra Zdrowia z dnia 24 wrze\u015bnia 2013 r. w sprawie \u015bwiadcze\u0144 gwarantowanych z zakresu podstawowej opieki zdrowotnej \u2013 (Dz. U. z 2019 r., poz. 736, z p\u00f3\u017an. zm.)<\/p>\n<p><a href=\"#_ftnref2\" name=\"_ftn2\">[2]<\/a> Rozporz\u0105dzenie Parlamentu Europejskiego i Rady (UE) 2016\/679 z dnia 27 kwietnia 2016 r. w sprawie ochrony os\u00f3b fizycznych w zwi\u0105zku z przetwarzaniem danych osobowych i w sprawie swobodnego przep\u0142ywu takich danych oraz uchylenia dyrektywy 95\/46\/WE<\/p>\n\n\n<figure class=\"wp-block-image size-large is-resized\"><img loading=\"lazy\" src=\"http:\/\/spzduny.pl\/wp-content\/uploads\/2023\/03\/1.png\" alt=\"\" class=\"wp-image-32732\" width=\"823\" height=\"574\" srcset=\"http:\/\/spzduny.pl\/wp-content\/uploads\/2023\/03\/1.png 702w, http:\/\/spzduny.pl\/wp-content\/uploads\/2023\/03\/1-300x209.png 300w\" sizes=\"(max-width: 823px) 100vw, 823px\" \/><\/figure>\n\n\n\n<figure class=\"wp-block-gallery columns-1 is-cropped\"><ul class=\"blocks-gallery-grid\"><li class=\"blocks-gallery-item\"><figure><a href=\"http:\/\/spzduny.pl\/wp-content\/uploads\/2023\/03\/2.png\"><img loading=\"lazy\" width=\"636\" height=\"888\" src=\"http:\/\/spzduny.pl\/wp-content\/uploads\/2023\/03\/2.png\" alt=\"\" data-id=\"32733\" data-full-url=\"http:\/\/spzduny.pl\/wp-content\/uploads\/2023\/03\/2.png\" data-link=\"http:\/\/spzduny.pl\/?attachment_id=32733\" class=\"wp-image-32733\" srcset=\"http:\/\/spzduny.pl\/wp-content\/uploads\/2023\/03\/2.png 636w, http:\/\/spzduny.pl\/wp-content\/uploads\/2023\/03\/2-215x300.png 215w\" sizes=\"(max-width: 636px) 100vw, 636px\" \/><\/a><\/figure><\/li><\/ul><\/figure>\n\n\n\n<h3 style=\"text-align: center;\"><span style=\"background-color: #ffff99;\">ZAPRASZAMY DO ZAPOZNANIA SI\u0118 Z PONI\u017bSZYMI MATERIA\u0141AMI<\/span><\/h3>\n<p><a href=\"http:\/\/spzduny.pl\/wp-content\/uploads\/2023\/03\/wiecej-dziecko-z-autyzmem.pdf\"><strong>Dziecko z autyzmem i aspergerem w szkole i przedszkolu<\/strong><\/a><\/p>\n<p><strong><a href=\"http:\/\/spzduny.pl\/wp-content\/uploads\/2023\/03\/wiecej-dziecko-z-astma.pdf\">Dziecko z astm\u0105 w szkole i&nbsp; przedszkolu<\/a><\/strong><\/p>\n<p><a href=\"http:\/\/spzduny.pl\/wp-content\/uploads\/2023\/03\/wiecej-dziecko-z-depresja.pdf\"><strong>Dziecko z depresj\u0105 w szkole i przedszkolu<\/strong><\/a><\/p>\n<p><a href=\"http:\/\/spzduny.pl\/wp-content\/uploads\/2023\/03\/wiecej-dziecko-z-padaczka.pdf\"><strong>Dziecko z padaczk\u0105 w szkole i przedszkolu<\/strong><\/a><\/p>\n<p><strong><a href=\"http:\/\/spzduny.pl\/wp-content\/uploads\/2023\/03\/Problem-z-glowy.pdf\">Jak mie\u0107 &#8222;ten problem z g\u0142owy&#8221; , czyli o szybkiej i skutecznej walce z wszawic\u0105.<\/a><\/strong><\/p>\n","protected":false},"excerpt":{"rendered":"<p>Zakres zada\u0144 piel\u0119gniarki szkolnej. Niepubliczny Zak\u0142ad Opieki Zdrowotnej \u201eCENTYLEK\u201d Dzia\u0142aj\u0105c na podstawie art. 7 ust. 3 ustawy z dnia 12 kwietnia 2019 r. o opiece zdrowotnej nad uczniami (Dz. U. [&hellip;]<\/p>\n","protected":false},"author":1,"featured_media":0,"parent":0,"menu_order":0,"comment_status":"closed","ping_status":"closed","template":"","meta":[],"_links":{"self":[{"href":"http:\/\/spzduny.pl\/index.php?rest_route=\/wp\/v2\/pages\/1136"}],"collection":[{"href":"http:\/\/spzduny.pl\/index.php?rest_route=\/wp\/v2\/pages"}],"about":[{"href":"http:\/\/spzduny.pl\/index.php?rest_route=\/wp\/v2\/types\/page"}],"author":[{"embeddable":true,"href":"http:\/\/spzduny.pl\/index.php?rest_route=\/wp\/v2\/users\/1"}],"replies":[{"embeddable":true,"href":"http:\/\/spzduny.pl\/index.php?rest_route=%2Fwp%2Fv2%2Fcomments&post=1136"}],"version-history":[{"count":24,"href":"http:\/\/spzduny.pl\/index.php?rest_route=\/wp\/v2\/pages\/1136\/revisions"}],"predecessor-version":[{"id":54066,"href":"http:\/\/spzduny.pl\/index.php?rest_route=\/wp\/v2\/pages\/1136\/revisions\/54066"}],"wp:attachment":[{"href":"http:\/\/spzduny.pl\/index.php?rest_route=%2Fwp%2Fv2%2Fmedia&parent=1136"}],"curies":[{"name":"wp","href":"https:\/\/api.w.org\/{rel}","templated":true}]}}